e x = -2*q + 117. What are the prime factors of (-3295)/(-45) + (-8)/q?
73
Let z be ((-6)/9)/((-2)/90). Let i = z + -48. List the prime factors of (-20 - i) + (-23)/(-1).
3, 7
Suppose 0 = -2*f - 15 - 19. Let r = 20 + f. Suppose x + r = -0*x, 2*t + 4*x - 182 = 0. What are the prime factors of t?
97
Suppose 19*p - 756218 = 608267. What are the prime factors of p?
5, 53, 271
Let a(g) = 5*g**3 - 9*g**2 + 3*g + 22. Let r be a(6). Suppose -466 = -q + 5*h, -r = -5*q + 5*h + 1434. What are the prime factors of q?
3, 7
Suppose 13*w + 44 = -9*w. List the prime factors of 0/w + (3 - -67).
2, 5, 7
Let k(w) = -w**3 + 18*w**2 - 7*w + 11. Suppose 160 = -43*p + 53*p. List the prime factors of k(p).
3, 137
Let u = -8 + 11. Suppose -4*b - b + u*b = 0. Suppose b = 3*j - 68 - 52. List the prime factors of j.
2, 5
Let f = 5 - 8. Let g(v) = -v**3 + 9*v**2 - v + 10. Let o be g(9). What are the prime factors of (12 - (f - -7)) + o?
3
Let l(s) = -53*s + 40. Let k be l(-4). Suppose 15*u - k = 12*u. List the prime factors of u.
2, 3, 7
Let j be (68/(-3))/((-2)/21). Let x(m) = -12*m + 62. Let p be x(1). Suppose 4*v - j = -p. What are the prime factors of v?
47
What are the prime factors of (-6 + (-254744)/6)/(1 - 15/9)?
5, 12739
Suppose 0*s - h = 2*s + 8, 5*h - 20 = 0. What are the prime factors of (0/2 - s) + (675 - 1)?
2, 5, 17
Let h = -238 + 258. Suppose 4*u + h*u - 816 = 0. List the prime factors of u.
2, 17
Let u(q) = -2*q**2 + 3*q - 870. Let s(z) = 4*z**2 - 3*z + 869. Let w(b) = -2*s(b) - 3*u(b). What are the prime factors of w(0)?
2, 109
Let l(n) = -101*n + 9. Let z(a) = -51*a + 4. Let u(m) = -6*l(m) + 11*z(m). Let j be u(4). Suppose 7*s - 537 - j = 0. List the prime factors of s.
101
Let o(q) = 2*q**2 + q + 7. Let r be o(0). Suppose 9*c - 32 = r*c. Suppose -c*h + 11*h = -480. List the prime factors of h.
2, 3
Suppose -28300 - 177500 = 5*v - 25*v. What are the prime factors of v?
2, 3, 5, 7
Let t(o) = 11*o - 28. Let z be t(10). Let b = z + 140. List the prime factors of b.
2, 3, 37
Let v(o) = -6*o**3 + 0*o**3 + 19*o**2 + 5*o**3 - 4*o**2 + 9*o - 14. Let l be v(13). Suppose -l = 5*w - 12*w. What are the prime factors of w?
3, 7
Let a(l) = -11*l - 15. Let u = -2 - -128. Let b be ((-4)/6)/(4/u). List the prime factors of a(b).
2, 3
Let d(a) = -25*a**2 + 1291*a + 74. List the prime factors of d(37).
2, 23, 37
Suppose 0 = 4*x - 5*v - 28496, -7124 = -x - 14*v + 10*v. What are the prime factors of x?
2, 13, 137
Let r = 118 - 116. Let n be 120/(-75)*5/r. What are the prime factors of (8*38/(-4))/(n - -3)?
2, 19
Suppose 93*j + 478604 = 1559450. What are the prime factors of j?
2, 3, 13, 149
What are the prime factors of (24462*-1*8/12)/(13/(-39))?
2, 3, 151
Let l = -46395 + 69614. What are the prime factors of l?
7, 31, 107
Let f = -20 + 24. Let y be (15 - 21)*2/(-4). Suppose y*c + 4*i + f - 219 = 0, -3*c + 200 = i. List the prime factors of c.
5, 13
List the prime factors of (-2 + 1)/(204/(-453696)).
2, 139
Suppose -30*f = -46*f - 59*f + 405450. What are the prime factors of f?
2, 3, 17, 53
Let f = 42 - 37. Suppose 0*x - f*x = -160. Suppose 5*r = 4*u + 219, 2*r = 4*u + 46 + x. List the prime factors of r.
47
Suppose 15*b - 48 = 11*b. Suppose 4*v = -x - 5, 4*x - b = -5*v - 32. Suppose 0 = -3*a - v*a + 4*h + 115, -4*a + 158 = -3*h. List the prime factors of a.
41
Suppose -2*d + 5*d = 3*p - 30, -32 = -2*p + 5*d. Suppose p*b + 101 = -49. List the prime factors of ((-1360)/b)/2 - 2/10.
3
Suppose -2*x + 74 = 3*n, -x + 30 = 2*n - 19. Suppose 4212 = -n*h + 36*h. What are the prime factors of h?
3, 13
Suppose -101*m + 2*q = -96*m - 40059, -3*q = 4*m - 32038. What are the prime factors of m?
8011
Let u(d) = -3740*d + 776. List the prime factors of u(-3).
2, 2999
Let b(f) = -f**3 + 24*f**2. Let k be b(24). What are the prime factors of k/(-3) - -326 - (-4)/(-1)?
2, 7, 23
Suppose -6*x - 190 = -202. Suppose x*a = 12*a - 5480. What are the prime factors of a?
2, 137
Suppose -4*q + 4 = 2*y - 14, 0 = 2*q - y - 7. Suppose -q*n - 3*h = 2*h - 40, 0 = 3*n + 5*h - 35. What are the prime factors of n?
5
Let c(z) = 90*z**3 - 3*z**2 - 4*z - 2. Let s(q) = 362*q**3 - 14*q**2 - 17*q - 8. Let h(k) = -9*c(k) + 2*s(k). List the prime factors of h(-1).
5, 17
Suppose -z - 3*o - 3 = -0, o + 1 = 0. Let n = 346 + -344. Suppose -n*c = -5*p - 227, -c - 4*p + 69 + 25 = z. What are the prime factors of c?
2, 53
Let s(i) = -i**3 - 4*i**2 + 6*i + 12. Let p(y) = y**2 - 6*y + 4. Let g be p(6). Suppose 2*j + q - g + 14 = 0, 2*q - 29 = 3*j. List the prime factors of s(j).
3, 13
Let r(c) = 208*c**2 + 99*c - 709. What are the prime factors of r(9)?
2, 5, 13, 131
Let u(o) = -4*o**2 - 8*o + 187. Let y(i) = -4*i**2 - 9*i + 184. Let f(g) = 2*u(g) - 3*y(g). What are the prime factors of f(11)?
7, 61
List the prime factors of -15 - (8 - 15 - 1255).
29, 43
Suppose 11*v - 16 = 6. Let h be v*-1 - (-5 - 9). What are the prime factors of (4 - (-424)/h)/(1/3)?
2, 59
Suppose 36 = 19*g - 15*g. Suppose 0 = -6*x + 3 + g. Suppose 10 = x*h, 4*v - 930 = 5*h - 3*h. List the prime factors of v.
5, 47
Let f be 32/12*(-3)/(-2). Suppose 28 = 4*x - 5*m + 2, 5*m = -f*x + 6. Suppose -3*i + x*b = -3, 8*i + b + 12 = 11*i. What are the prime factors of i?
5
Let l = -9 + -21. Let u = l + 73. Let b = u + -32. What are the prime factors of b?
11
Let o(c) = -3*c**3 - 2*c**2 - 2*c + 3. Let b be o(1). Let g be (2 + -1)/(b/48). Let v(m) = 3*m**2 + 24*m - 12. List the prime factors of v(g).
2, 3, 11
Suppose 6 = 12*y + 6. What are the prime factors of 14*28 + ((-1)/(-1) - y)?
3, 131
Let f = 12652 - 8953. Suppose 6038 = 13*p - f. What are the prime factors of p?
7, 107
Let p be (1015/21 - 1)/((-1)/(-9)). Let t(a) = -10*a**3 + a**2 - a + 3. Let y be t(-3). Let u = p - y. List the prime factors of u.
3, 47
Let f = -5556 - -9192. What are the prime factors of f?
2, 3, 101
Suppose -5*c + 2 = 4*m + 15, -2*m + c + 11 = 0. Suppose -2720 = -m*a + 3484. What are the prime factors of a?
2, 11, 47
Let q(p) = 20 + 63*p + 2*p**2 + 55*p - 98*p. List the prime factors of q(10).
2, 3, 5, 7
Suppose 2*f - 362 = 4*s - 3088, -3*s - 3*f + 2031 = 0. Let l = s - 113. List the prime factors of l.
3, 7
Let r(t) = -57*t**3 + t**2 - 1. Let m be r(-1). Let n = 113 - m. Suppose -j + 12 = -n. List the prime factors of j.
2, 17
Let c be 42/(-105) + 12/5. Let h be (-10)/c*(-3)/5. What are the prime factors of 1/(h/474*1)?
2, 79
Let z be (11/3 - 1)/(144/216). What are the prime factors of 371 + -2 + (5 - 16/z)?
2, 5, 37
Let a(t) = -t**3 + 90*t**2 - 99*t - 12. List the prime factors of a(27).
2, 3, 7207
Let j(b) = 441*b + 9109. What are the prime factors of j(54)?
11, 41, 73
Let u(z) be the third derivative of -97*z**6/120 + z**5/20 + z**4/24 - 51*z**2. What are the prime factors of u(-1)?
3, 11
Let q be (350/630)/(1/9). Suppose 0*u - 5*b - 3735 = -3*u, -q*b = 0. What are the prime factors of u?
3, 5, 83
Suppose 4*c = -3*b + 3728, -430*c + 431*c = b - 1231. List the prime factors of b.
2, 3, 103
Suppose -2*j - 10 = 0, j - 6572 = -3*g + 191. List the prime factors of g.
2, 3, 47
Suppose -4*n + 27128 = 9*n - 5*n. What are the prime factors of n?
3391
Suppose 26 = n + 28. Let f be (5/10)/(n/(-16)). Suppose -15 = -3*k, 2*r - f*r - 2*k = -450. List the prime factors of r.
2, 5, 11
Suppose -5*z + 11 - 1 = 0. Let u(s) = 17*s**2 - 36 - 34*s**2 + z*s + 18*s**2 + s. List the prime factors of u(6).
2, 3
What are the prime factors of (-162)/1539 - (-272557)/19?
5, 19, 151
Suppose 0 = 5*x - 5*a - 65, -x + 0*a - 2*a = -16. Suppose 0 = 16*i - 9*i - x. Suppose n = g + 236, -2*n + 341 = i*g - 123. List the prime factors of n.
2, 3, 13
Let a(r) = r**3 + 6*r**2 - 14*r - 26. Let v be a(-8). What are the prime factors of v/9*(-10 - -4)?
2, 7
Suppose -3*m - 30 = -5*m. Let b = 15 - m. Suppose b*t - 3*k = -t + 281, 3*k + 1381 = 5*t. List the prime factors of t.
5, 11
Suppose -428916 = -5*q - h, -2*q + 6*h + 171588 = 10*h. List the prime factors of q.
2, 3, 17, 29
Let f(c) = 3*c**3 - c**2 + 3. Let q = -439 + 444. What are the prime factors of f(q)?
353
Suppose j + 5*c = 18451, 5*j - 91576 = c + 757. List the prime factors of j.
2, 7, 1319
Let g = -138358 + 226565. List the prime factors of g.
7, 12601
Let s = 39 - -25. Suppose 0 = -j + 2*j - s. Let k = j + 47. List the prime factors of k.
3, 37
List the prime f